{"id":82,"date":"2026-03-24T07:36:29","date_gmt":"2026-03-24T06:36:29","guid":{"rendered":"https:\/\/calmnivia-winf.gbsl.website\/?page_id=82"},"modified":"2026-03-26T22:23:05","modified_gmt":"2026-03-26T21:23:05","slug":"calmnivia-normal-version","status":"publish","type":"page","link":"https:\/\/calmnivia-winf.gbsl.website\/index.php\/calmnivia-normal-version\/","title":{"rendered":"CalmNivia Normal-Version"},"content":{"rendered":"\n<div class=\"wp-block-media-text is-stacked-on-mobile\" style=\"grid-template-columns:25% auto\"><figure class=\"wp-block-media-text__media\"><img loading=\"lazy\" decoding=\"async\" width=\"512\" height=\"891\" src=\"https:\/\/calmnivia-winf.gbsl.website\/wp-content\/uploads\/2026\/03\/image-10.png\" alt=\"\" class=\"wp-image-86 size-full\" srcset=\"https:\/\/calmnivia-winf.gbsl.website\/wp-content\/uploads\/2026\/03\/image-10.png 512w, https:\/\/calmnivia-winf.gbsl.website\/wp-content\/uploads\/2026\/03\/image-10-172x300.png 172w\" sizes=\"auto, (max-width: 512px) 100vw, 512px\" \/><\/figure><div class=\"wp-block-media-text__content\">\n<p>Normal Version \u2013 Der perfekte Begleiter f\u00fcr deinen Abend<\/p>\n\n\n\n<p>Die <strong>Normal-Version<\/strong> ist das Herzst\u00fcck von CalmNivia. Sie kombiniert angenehmes Licht mit einem zeitlosen Design und sorgt f\u00fcr eine gem\u00fctliche Atmosph\u00e4re im Schlafzimmer.<\/p>\n\n\n\n<p>Das warme, weiche Licht hilft deinem K\u00f6rper, sich auf den Schlaf vorzubereiten und unterst\u00fctzt dich dabei, abends besser zur Ruhe zu kommen.<\/p>\n\n\n\n<p>Ob als Lichtquelle am Abend oder als Teil deiner Abendroutine \u2013 die Normal Version ist vielseitig einsetzbar und passt perfekt in deinen Alltag.<\/p>\n\n\n\n<p>Eine zuverl\u00e4ssige Lampe f\u00fcr entspannte Momente und erholsame N\u00e4chte.&nbsp;<\/p>\n\n\n\n<p><strong>Dein CalmNivia Team<\/strong>\ud83c\udf19<\/p>\n<\/div><\/div>\n\n\n\n<p><\/p>\n","protected":false},"excerpt":{"rendered":"<p>Normal Version \u2013 Der perfekte Begleiter f\u00fcr deinen Abend Die Normal-Version ist das Herzst\u00fcck von CalmNivia. Sie kombiniert angenehmes Licht mit einem zeitlosen Design und sorgt f\u00fcr eine gem\u00fctliche Atmosph\u00e4re &#8230;<\/p>\n","protected":false},"author":1,"featured_media":0,"parent":0,"menu_order":5,"comment_status":"closed","ping_status":"closed","template":"","meta":{"footnotes":""},"class_list":["post-82","page","type-page","status-publish","hentry"],"_links":{"self":[{"href":"https:\/\/calmnivia-winf.gbsl.website\/index.php\/wp-json\/wp\/v2\/pages\/82","targetHints":{"allow":["GET"]}}],"collection":[{"href":"https:\/\/calmnivia-winf.gbsl.website\/index.php\/wp-json\/wp\/v2\/pages"}],"about":[{"href":"https:\/\/calmnivia-winf.gbsl.website\/index.php\/wp-json\/wp\/v2\/types\/page"}],"author":[{"embeddable":true,"href":"https:\/\/calmnivia-winf.gbsl.website\/index.php\/wp-json\/wp\/v2\/users\/1"}],"replies":[{"embeddable":true,"href":"https:\/\/calmnivia-winf.gbsl.website\/index.php\/wp-json\/wp\/v2\/comments?post=82"}],"version-history":[{"count":3,"href":"https:\/\/calmnivia-winf.gbsl.website\/index.php\/wp-json\/wp\/v2\/pages\/82\/revisions"}],"predecessor-version":[{"id":98,"href":"https:\/\/calmnivia-winf.gbsl.website\/index.php\/wp-json\/wp\/v2\/pages\/82\/revisions\/98"}],"wp:attachment":[{"href":"https:\/\/calmnivia-winf.gbsl.website\/index.php\/wp-json\/wp\/v2\/media?parent=82"}],"curies":[{"name":"wp","href":"https:\/\/api.w.org\/{rel}","templated":true}]}}